 -368457 - -791469. Is r/48 + 2/8 a composite number?
True
Let j(f) be the second derivative of 23131*f**3/6 - 19*f**2 - 231*f. Is j(1) prime?
False
Let n = -5797 + 8256. Is n a prime number?
True
Let s = 1509 - 793. Let h = 1411 - s. Is h composite?
True
Suppose 2*l = -0*l + 7522. Suppose 85 = 17*s - 0*s. Suppose -s*h - l + 14856 = 0. Is h prime?
False
Let t(q) = 93082*q**2 + 7*q - 6. Is t(1) a prime number?
True
Let c = -36211 + 83966. Is c prime?
False
Let n be -6*(14/(-3) - -4). Suppose -v = 1 - 2, b - 1882 = -n*v. Suppose 4*x = -b + 7498. Is x a composite number?
True
Let c(w) = 2*w**2 - 5*w + 4. Let v be (1 + 5)*(-2)/(-6). Let g be c(v). Suppose -4*n - 456 = -4*h, 6*n = g*n + 20. Is h a composite number?
True
Suppose -2*u = -3*u. Suppose -5*i + 272 = b, -2*i - 19 = -3*b - 121. Suppose u = i*t - 55*t + 331. Is t prime?
True
Let s = 413 + -249. Let b = 245 + s. Let p = 262 + b. Is p a composite number?
True
Let c = -288 - -290. Suppose -1828 = -c*r - 3*x, -r + x = -2*x - 905. Is r prime?
True
Let c(d) = -12*d**2 + 13*d + 10*d**2 + 3*d**2 + 30. Let p be c(-10). Suppose p = -9*q + 9329 - 2138. Is q prime?
False
Let k = 363446 - 225345. Is k a prime number?
True
Let c(r) = 27*r**3 + 201*r**2 - 8*r - 7. Is c(-4) a composite number?
True
Let m(i) = 89*i**3 + 3*i**2 - i. Let s be m(1). Let o = -96 + s. Is ((-6)/(-1) + o)*863 a composite number?
False
Is 666125 + 8 + (-31)/(434/(-84)) a composite number?
False
Suppose 0 = -5*q + 5 + 20. Suppose -q*s + 2144 = -3*s. Let i = -537 + s. Is i prime?
False
Let f = -46762 - -98393. Is f a composite number?
False
Let k(r) = -6*r**2 + 17*r - 10. Suppose -3*p = 4*p - 84. Let y be k(p). Let i = y - -4463. Is i a composite number?
False
Suppose -3*p + 8 = -1, -3*p + 9 = 5*h. Let b = 140 - -223. Suppose -4*z + 731 = -j, -2*z + 3*j = -h*z - b. Is z a prime number?
False
Let x = 322218 - 149285. Is x composite?
False
Let a(t) = 96*t**2 + 16*t - 26. Let o be a(4). Suppose 3*m = 6*m, z - o = 5*m. Is z a composite number?
True
Let s = -15463 - -26341. Let t = s - 4411. Is t composite?
True
Let q = 21 - 16. Suppose -q*k - 5*d = -11040, 6*k + 8842 = 10*k + 2*d. Is k a composite number?
False
Suppose 7*u = 3*u + 60. Suppose 6*l - u = 3*l. Suppose l*b - 1139 - 1266 = 0. Is b composite?
True
Let i(r) = 14122*r**3 - 4*r**2 + 22*r - 37. Is i(2) a composite number?
False
Let w(c) = c**2 + 13*c + 35. Let u be w(-10). Suppose -4400 = -2*h + 4*m + 3182, -u*m = -2*h + 7581. Is h composite?
False
Suppose 6*t - 714 = 12*t. Is (t/(-68))/((-22867)/22868 - -1) a composite number?
True
Let a(v) = v + 1. Let w(q) = -477*q + 4. Let j(p) = -6*a(p) + w(p). Let s(f) = -f**3 - 3*f**2 + 21*f + 17. Let h be s(-6). Is j(h) composite?
True
Let n be (936/(-72))/(1/124). Is -155*n/28 - (-36)/(-63) composite?
False
Is (5 + -7)*((-13495293)/(-6))/(-21) a composite number?
False
Suppose -110952 = -6*d + 3*d. Let l = d - 16542. Is (2/(-3))/(6 - 122656/l) a prime number?
True
Is (4 + 13/(-3))*(4 + 142874)/(-2) a prime number?
True
Let k = 174 + 25. Suppose 2*h + 5*t + 1472 = 0, 0 = 5*h - t + 3879 - k. Let a = h + 4229. Is a a composite number?
True
Let j = 99 + -141. Let b = j + 36. Is (2/b)/(4/(-1524)) a prime number?
True
Is ((-1092634)/(-24))/(441/5292) prime?
True
Suppose -l + 23488 + 3057 = 0. Is l composite?
True
Suppose 44*z - 43*z = 26460. Suppose z = 6*i - 7014. Is i a composite number?
True
Let o(r) = -r**3 - 12*r**2 - 10*r + 12. Let u be o(-11). Let m(x) = 28*x + 2 + 9*x**2 - 26*x + u. Is m(-1) a composite number?
True
Let r(k) = 1562*k + 54. Let a be r(2). Let j = -1647 + a. Is j a prime number?
True
Let l = 34905 + -6238. Is l prime?
False
Let l be (42/15)/((-4)/(-10)). Let a(f) = 54*f**2 + 8*f + 4. Let m be a(l). Is m/13 + (-8)/52 - -3 a prime number?
True
Let t(q) = 3294*q**2 - 112*q + 19. Is t(-7) prime?
True
Suppose 517959 = t + u, -12*t - 3*u = -10*t - 1035916. Is t a prime number?
False
Suppose -41*f + 2211273 = -14*f. Is f a prime number?
True
Suppose 6*a + 246 - 360 = 0. Suppose -20*p + 1963 = -a*p. Is p composite?
True
Let q = -97 + 101. Suppose q*l = -5*b - 9, -2 + 0 = -2*b + 4*l. Is b + -38*(2 + -15) a prime number?
False
Let d(b) = 23229*b + 572. Is d(1) prime?
True
Suppose -286*s + 291*s = -4*o + 10911, 2*s + 4*o - 4374 = 0. Is s a prime number?
True
Let n(p) = -2*p**3 - 15*p**2 + 16*p - 7. Let r be (2/(-3))/(((-40)/615)/4). Let y = r - 53. Is n(y) prime?
True
Suppose -20*m + 40 + 0 = 0. Is 5 - (m + -1258 + 4) composite?
True
Suppose 29*k + 7843743 = 60*k - 4*k. Is k a prime number?
True
Let j = 5422 + 37393. Is j a composite number?
True
Let w(m) = -33*m**3 - 14*m**2 - 43*m - 199. Is w(-29) composite?
False
Let h = 2011147 - 1392510. Is h composite?
False
Let j = -16 - -22. Let o(c) = -62 + 27 + 2*c + 2*c**2 + 30 + c + 7*c**3. Is o(j) composite?
False
Let m(j) = -17*j + 258. Let s be 13*(-3)/6 - 1/2. Is m(s) prime?
False
Let z(o) = -3*o**2 + 72 + 2*o + o**2 - 74. Let j be z(2). Is (-8 - -317) + (-1)/((-3)/j) a prime number?
True
Let z(h) = 36*h**2 + 87*h + 17. Is z(-30) composite?
True
Suppose 0 = -6*p + 8 + 16. Suppose -3*h - 3110 = w - 3*w, -6264 = -p*w - 5*h. Is w a composite number?
True
Let s(u) = 298*u + 36. Let j be s(-12). Let k = -2453 - j. Is k composite?
False
Let l(v) = -v**3 - 12*v**2 + 3*v - 10. Let p be (17*(3 - 2))/(-1). Let t be l(p). Suppose -t = -4*b - 20. Is b composite?
True
Let o = 705 + -738. Let a(t) = -t**3 - 31*t**2 + 53*t - 98. Is a(o) composite?
False
Let p(y) = -y**2 + 2*y + 2. Let f be p(5). Let g = f + 16. Is g/(-3) - -2 - -661 a prime number?
False
Suppose 16*j - 161066 = -j - 25032. Is j a composite number?
True
Let d = 157 - 154. Suppose d*t + 4*o + 1614 = 6023, -4*o - 1475 = -t. Is t composite?
False
Let f(b) = 7*b**3 - 30*b**2 + 35*b - 67. Is f(19) prime?
True
Suppose -12343 = -12*r + 3389. Let u = r + -224. Is u a prime number?
True
Let b(p) = -p**2 + 12*p - 28. Let i be b(6). Let y(z) = z**2 - 8*z + 9. Let w be y(i). Suppose 644 = 5*m + 3*o, 0 = -3*o + w - 0. Is m a composite number?
False
Let g(z) = 4*z**2 - 84*z + 619. Is g(51) a composite number?
True
Let i(l) = -31*l + 3. Suppose -22*n + 5*t + 13 = -20*n, -5*n = -t + 2. Is i(n) a prime number?
False
Is 8658 + ((-330)/(-99))/(4/(-6)) prime?
False
Let n(o) = -3996*o**2 + 8*o + 3. Let y(k) = 1 - 319*k**2 - 456*k**2 - 37*k**2 + 2*k - 187*k**2. Let b(c) = 2*n(c) - 9*y(c). Is b(-1) a composite number?
True
Let x = 6009 - -692. Is x a prime number?
True
Suppose -23*a + 886564 + 553214 = -6500765. Is a composite?
True
Let l = 31182 - -10566. Let m = 3699 + l. Is m a composite number?
True
Let x = 6091 - 4046. Let r = 1934 + x. Is r a composite number?
True
Suppose -2*z - z + 69 = 0. Suppose v = 5*l - z, -l - v = 3*v + 8. Is 3 + (494*l)/4 a prime number?
False
Let m(r) = -25*r - 3. Let j be m(-1). Let o be j/(-44)*(0 + 538). Let t = 112 - o. Is t a prime number?
False
Is ((-40137)/(-2))/(24/16) a prime number?
False
Let n = -196272 - -417431. Is n a prime number?
True
Let f = 21056 - 13215. Is f a composite number?
False
Suppose -3*b = -5*z + 1549339, -208*b + 203*b - 40 = 0. Is z prime?
False
Suppose n - 10 = -2*l, -5*l = 3*n - 20 - 11. Suppose 8*c - n = 10*c. Is (c*1 - -3)/(4/(-1636)) composite?
True
Suppose -11*v + v = -50. Suppose 87 - 107 = v*p. Is (129 - 2)/(p + 5) a composite number?
False
Suppose 6*v + 5*j = 3*v + 336, -3*j = 0. Let d(u) = -112*u - 2 - v*u + 31*u + 33*u. Is d(-6) a composite number?
True
Let h(b) = 9224*b + 26. Let w be h(2). Suppose 10*v = 4*v + w. Is v prime?
True
Let r(w) = 24*w - 17. Let g be r(13). Is 4 + (g - (0 - -6)) prime?
True
Let p = 248 - 247. Is ((-9)/18)/(p/(-2)) + 1261 a prime number?
False
Is (2 + 14729)/(3/(-10)*(-254)/381) a composite number?
True
Let x = 398 + -382. Let b(i) = 22*i**2 + 29*i + 31. Is b(x) a composite number?
True
Let z(v) = 1850*v**2 - 28*v - 476. Is z(-13) a prime number?
False
Suppose 869091 = 5*x - 105*a + 103*a, 4*x = -4*a + 695284. Is x composite?
False
Let s be (-10817)/(-4) - 11/44. Suppose 4*f = 5*f + 2*t - s, 5*f - 4*t - 13520 = 0. Suppose -f = -5*l + 5*b + 2721, -2*b = -l + 1083. Is l composite?
False
Suppose 5*i + 7*b - 895435 = 2*b, 0 = -8*i + 3*b + 1432652. Is i a prime number?
True
Suppose -8*r + 181964 = -44788. Is 11/(275/5) - r/(-5) prime?
True
Let v be (-60)